2 + n - 6. Let d(m) = -3*m**2 + 3*m - 13. Let t(j) = -2*d(j) + 5*k(j). Suppose 0 = 4*u + 5*y - 5, -2*u + 4*y = -283 + 287. Calculate t(u).
-4
Let p be (-286)/2860 + (-42)/(-20). Let v(s) = -2*s**3 + 2*s**2 - 7*s + 4. What is v(p)?
-18
Let x = -589 - -599. Let n(d) be the third derivative of 0 + x*d**2 + 1/24*d**4 + 0*d - 1/6*d**3. Calculate n(-5).
-6
Let j = -291 + 290. Let r(n) = n**2 - 3*n + 1. Let y(u) = -4*u**2 + 5*u + 2. Let k(o) = j*r(o) - y(o). Suppose 0 = -5*p + p - 8. Determine k(p).
13
Let m(q) be the third derivative of -5*q**4/8 + q**3 - 301*q**2. What is m(0)?
6
Let y(l) = l**3 + 10*l**2 - 10*l - 6. Let a(z) = -12*z - 91. Let b be a(-8). Let m(p) = -p**3 - 9*p**2 + 9*p + 5. Let s(w) = b*m(w) + 4*y(w). Calculate s(-6).
7
Let b be 36/60 - ((-24)/5)/2. Let a(w) = -94*w**3 - 17 + 100*w**b + 16. Determine a(-1).
-7
Suppose 0 = -7*g + 2*g + 25. Suppose 0*s = 4*s + 4*x, x = -g*s + 12. Suppose 4*u = s*q - 20, 10*u + 4*q + 56 = 5*u. Let o(b) = -b**2 - 7*b + 4. What is o(u)?
-4
Let m(r) = -r - 14. Let i(u) = u + 1. Let d(h) = -3*i(h) + m(h). Let z be d(-5). Let g(v) = 6*v - 7*v + 556 - 559. Give g(z).
-6
Let f(l) = l**2 + 10*l. Let y(r) be the third derivative of -r**4/24 + r**3/6 - 2*r**2 + 2*r. Let b(j) = f(j) + 2*y(j). Give b(-8).
2
Let n(v) be the second derivative of v**5/20 + 5*v**4/12 - 7*v**3/3 - v**2/2 + 95*v + 8. Give n(-7).
-1
Let b(m) = 6*m + 18. Let t be b(-4). Let d be (t/(-5))/((-30)/(-225)). Let z(c) = -c**3 + 10*c**2 - 7*c + 6. Calculate z(d).
24
Let t(l) = -2*l**3 + l**2 - 2*l + 1. Let d(p) be the third derivative of p**6/120 + 4*p**5/15 - 7*p**4/12 + 26*p**3/3 - 18*p**2. Let i be d(-17). What is t(i)?
-2
Suppose 0*a - 20 = -5*a. Suppose a*q - 48 = -4*q. Let g(w) = -5 + 5*w - q*w + 4*w. Determine g(4).
7
Let k(z) = -9*z**3 - 4*z**2 - 6*z + 16. Let u(y) = -16*y**3 - 9*y**2 - 10*y + 34. Let a(c) = 7*k(c) - 4*u(c). Determine a(-8).
-8
Let i be (-8)/(-6)*(-9)/(-6). Let f(q) = 4*q**2 - 18*q**2 - 2*q - i + 0*q**2 + 18*q**2 + 2*q**3. Let r = -1 + -2. Give f(r).
-14
Let g = 52 - 50. Suppose -g*z = z - 9, -32 = d + 3*z. Let y = 32 + d. Let a(c) = -c**2 - 10*c - 8. Determine a(y).
1
Suppose -4*g = -k + 99, -4*g + 5 = -3*g. Let i = -118 + k. Let y(r) = -13*r**2 - 1. Give y(i).
-14
Let h(o) = o**3 - 7*o**2 + 8*o - 4. Let v(r) = r**3 + 6*r**2 + 4*r - 6. Let t be v(-6). Let u(m) = m**3 + 2*m + 36. Let i be u(0). Let l = t + i. What is h(l)?
8
Let c(p) = p**2 - p - 4. Let h be c(0). Let i be 3 - (h + 5)*(-3)/1. Let b be 36/(-15) + i/(-10). Let f(d) = d**3 + 3*d**2 - 4*d - 3. What is f(b)?
9
Suppose 2*f - 78 = 4*f + 2*v, -199 = 5*f + 4*v. Let x = f - -45. Let t(s) = 0*s**2 + x + 0*s**2 + 7*s + s**3 - 6*s**2 - 7. What is t(4)?
-9
Let w(s) be the second derivative of s**4/2 + 7*s**3/3 + 2*s**2 - 6095*s. What is w(-2)?
0
Let t(r) = r - 6. Suppose -x = 5*i, -3*x + 2*i - 3*i = -28. Suppose -5*v + 4*o - x - 6 = 0, 0 = 2*v - 2*o + 8. Calculate t(v).
-6
Let i(r) = r**2 - 7*r + 6. Suppose 46 = 5*w + 3*a + 1865, -a = -2. Let t = -360 - w. Give i(t).
-4
Suppose -3*h + 5*h = 0. Let j(a) be the third derivative of 29*a**2 + 0 - 5/6*a**3 + 0*a + 1/24*a**4. Determine j(h).
-5
Let m(z) = -z**3 - 15*z**2 - 24*z - 645. Let r be m(-16). Let o(f) = -3*f**2 - 3*f + 7. What is o(r)?
-53
Let i = -118 + 52. Let j = -70 - i. Let x(r) be the first derivative of -2*r**3/3 - 3*r**2 - 3*r - 3. Calculate x(j).
-11
Let k(w) be the second derivative of w**3 + 215*w + 19/2*w**2 - 1/12*w**4 + 0. What is k(9)?
-8
Let u = 73 + -28. Suppose f + 8*f = -u. Let h(d) = -d - 3. Determine h(f).
2
Suppose -143 = -36*z + 25*z. Let q(n) = 2586*n + n**3 + 7 + z*n**2 + 12 - 2584*n. What is q(-13)?
-7
Let c(n) = 19*n - 2*n**2 - 120 - 346 + 493. What is c(11)?
-6
Suppose m + 13 = 4*j, -2*j + 30 = 5*m - 3*j. Let o(c) = 11*c - 62. What is o(m)?
15
Let b(s) = -12*s + 15. Let u be ((-156)/(-39))/((-2)/4). Let a(y) = -8*y + 9. Let o(z) = u*a(z) + 5*b(z). Give o(-5).
-17
Let z(p) = 4*p - 9. Let s(j) = -19*j + 35. Let u(d) = 4*s(d) + 18*z(d). Calculate u(-5).
-2
Let x(n) = n**3 - n**2 + 4*n - 4. Let v(l) = 21*l - 72. Let t(q) = -10*q + 36. Let p(u) = 14*t(u) + 6*v(u). Let m be p(5). Determine x(m).
8
Let z(b) = 5*b - 1. Let j(h) = 11*h - 1. Let y(n) = -2*j(n) + 5*z(n). Suppose 4*x = 2*m - 22, -3*m = 4*x + x. What is y(x)?
-12
Let f(m) be the third derivative of -1/24*m**4 + 0*m**3 + 1/60*m**5 + 4*m + 0 + m**2. Determine f(1).
0
Suppose -49 = -4*s - 3*r, -s = -4*r + 5*r - 11. Let g(j) = 3*j**2 - 47*j - 18. Let a be g(s). Let x(m) = 4*m**2 - 3*m - 2. Give x(a).
20
Let z(l) = 8*l - 16. Suppose -4*x + 35 - 10 = 1. Give z(x).
32
Let s be ((-4 - 2) + -21)*(-15)/9. Let y(p) = -s*p**2 - p + 12*p**2 + 18*p**2 + 10 + p**3 + 23*p**2. Determine y(-8).
18
Let d(n) = -n**2 + 15*n - 13. Suppose 219*u - 231*u + 300 = 0. Suppose -2*q + l = -u, 2*q - 26*l + 24*l - 22 = 0. Give d(q).
1
Suppose -5*f = -11 - 14. Let r(o) be the second derivative of 2*o**3/3 - o**2 - 1693*o. Calculate r(f).
18
Let n(c) be the third derivative of c**6/15 - c**4/24 + c**3/6 - 26*c**2 - 708*c. Let p be (-1)/(-3) + (-4)/(-6). Determine n(p).
8
Let m(p) = -2*p - 7. Let b(d) = -3*d - 11. Let j(x) = -3*b(x) + 5*m(x). Suppose 5*a + 6 = 6*a. Suppose 5*f = -4*n - 4, 3*n - 2*f + 2 = -a*f. Calculate j(n).
4
Let m(r) = -r**2 - 61 + 204 - 61 - 74. Give m(2).
4
Let c(q) = -q**3 - 3*q**2 + 4*q + 2. Let i be (8/(-5))/(-6*11/33165). Suppose -i = 7*a - 776. Calculate c(a).
2
Let g(d) be the second derivative of -d**5/20 - 5*d**3/6 + 7*d**2/2 + 3*d + 62. Give g(4).
-77
Let j(m) = 3*m - 7. Let a be j(3). Suppose 0 = -4*o - u + 1, -o + 2*u + a*u = 4. Let y(n) = -n**2 + n + 13. Give y(o).
13
Let m(i) = -1 + 24*i - 9*i - 9*i - 4*i - 3*i. Let d = -166 + 166. Determine m(d).
-1
Let y = -3277 - -3279. Let w(m) be the second derivative of -3*m**y - 5*m - 1/12*m**4 - 5/6*m**3 + 0. Give w(-5).
-6
Let a(t) = t + 2. Let n be a(-5). Let r be (-4)/18 + (21/(-27) - n). Let z(f) = -1. Let s(v) = -2*v - 10. Let d(g) = -s(g) + 10*z(g). Calculate d(r).
4
Let w be 0*2/8 + 4. Suppose c - 11 = 3*o, -w*c + 5*o + 15 = c. Let u(s) = -1 - 10*s + 9*s - 4*s**2 + 5*s**2 - 11*s**3. What is u(c)?
12
Let n be ((-5)/(-18))/(568/24 + -17). Let d(p) be the third derivative of -17*p**2 + 1/6*p**3 + 0 + n*p**4 + 0*p. Calculate d(3).
4
Let g(i) = i**3 - 7*i**2 + 3*i + 7. Suppose -4*f - 84 + 68 = 0, 4*j = 3*f + 32. Give g(j).
-28
Let w = 9 - 16. Let j(r) be the first derivative of -r**3/6 - r**2 - 9*r - 4. Let a(y) be the first derivative of j(y). Determine a(w).
5
Let g(i) be the second derivative of -17 + 3*i**2 + 4/3*i**3 + 2*i + 1/12*i**4. Calculate g(-9).
15
Let i = -928 - -956. Suppose -91 = -15*j + i*j. Let w(g) = -2*g - 3. Calculate w(j).
11
Let i(v) = -104*v - 302*v + 21 + 206*v + 213*v. Calculate i(4).
73
Suppose -24 = -5*w - 9. Let o(z) = z**3 + 2 + 341*z**2 - 2*z - 345*z**2 - w. Give o(4).
-9
Let m(s) = 1 + 4*s**3 - 1 + 91*s + 1 - 5*s**3 - 90*s. Suppose 3*n = -a - 2*n + 3, -3*a - 4*n - 2 = 0. Let c = a + 1. Calculate m(c).
1
Suppose 4*p + o = 21, 45 = -3*p + 8*p + 5*o. Let q(d) = -17*d + 0*d + 22*d - p. Determine q(5).
21
Let q(c) = -c**3 + 5*c**2 - 41*c - 25. Let u(t) = 2*t**3 - 11*t**2 + 88*t + 51. Let j(l) = 13*q(l) + 6*u(l). Give j(0).
-19
Let c(o) = o**2 + 4*o - 63. Suppose -63*l - 102 = 662 - 71. Calculate c(l).
14
Suppose -75*n = -79*n + 2*b + 20, 5*b = -5*n + 40. Let x(f) = -f**2 + 2*f + 22. Give x(n).
-2
Let a be (-61)/(-6) - (-90)/((-99)/11). Let k(i) be the third derivative of 0 + 18*i**2 + 0*i + 1/60*i**5 + a*i**4 - 7/6*i**3. What is k(-5)?
-2
Let u(c) be the first derivative of -c**3/3 + 3*c - 1. Suppose -11328 = -3*d + 11*d. Let h be d/413 + 3/7. Give u(h).
-6
Let g(y) = -y + 5. Let a(u) = 14*u + 64. Let o(b) = -5*b - 22. Let j(q) = 6*a(q) + 17*o(q). Let i(k) = -5*g(k) + 3*j(k). Determine i(-4).
-3
Let k = -2 + 3. Let v(y) be the first derivative of -5*y**4/4 - 2*y**3/3 + y + 9004. What is v(k)?
-6
Let t(m) = -4*m**3 - 44*m**2 - 45*m - 2. Suppose 0 = -18*g + 73*g + 18 + 37. What is t(g)?
3
Let y(j) = 3 + 2 - j + 1. Let c = 5213 + -5213. Determine y(c).
6
Let q = -102 + 96. Let y(p) be the first derivative of -p**4/4 - 7*p**3/3 - 3*p**2 - 5*p + 113. Calculate y(q).
-5
Let f(o) = -o. Let n(u) = -2*u. Let p be 20*(95/220 - 2/11). Let k(g) = p*f(g) - n(g). What is